 a prime number?
False
Is 3031859 a composite number?
True
Is 11717 a composite number?
False
Is 3911539 a composite number?
False
Is 420661 prime?
False
Is 1472389 a composite number?
False
Is 33360631 a composite number?
False
Is 23612489 prime?
True
Is 15558029 a prime number?
False
Is 1284083 composite?
False
Is 22837559 composite?
False
Is 4266595 prime?
False
Is 230262337 composite?
False
Is 234174686 a prime number?
False
Is 3369083 a composite number?
False
Is 365018 a prime number?
False
Is 2191121 prime?
True
Is 1902007 a prime number?
True
Is 249760247 a composite number?
True
Is 320657 composite?
False
Is 2989711 a composite number?
True
Is 2082377 a prime number?
False
Is 103639501 prime?
False
Is 73832813 prime?
True
Is 93747119 a composite number?
False
Is 5183251 prime?
False
Is 21923383 composite?
True
Is 77642491 a composite number?
False
Is 7134583 composite?
False
Is 14204579 a prime number?
True
Is 501713 prime?
False
Is 78333481 prime?
False
Is 1730761067 prime?
False
Is 6683377 a prime number?
False
Is 179453 prime?
True
Is 41661299 prime?
True
Is 13375993 a prime number?
True
Is 775237 a composite number?
False
Is 3103127 a composite number?
True
Is 57283409 composite?
True
Is 263723 composite?
False
Is 3107959 a composite number?
True
Is 3310007 prime?
False
Is 42615047 a composite number?
True
Is 99808595 composite?
True
Is 41552837 prime?
True
Is 63025217 composite?
True
Is 35807722 a prime number?
False
Is 37116473 prime?
True
Is 450053411 a composite number?
False
Is 422666 prime?
False
Is 3883369 a composite number?
True
Is 24072799 composite?
True
Is 35257421 composite?
False
Is 131458649 a composite number?
True
Is 2104567 prime?
True
Is 44664701 a prime number?
True
Is 6891931 composite?
False
Is 100321769 a prime number?
False
Is 16655201 composite?
True
Is 54116963 composite?
True
Is 17300141 prime?
True
Is 87071 a prime number?
True
Is 54166877 prime?
False
Is 40945997 prime?
True
Is 71872069 prime?
True
Is 22081349 a prime number?
True
Is 60558613 a prime number?
True
Is 1152051539 composite?
False
Is 16856849 a prime number?
True
Is 366612451 composite?
True
Is 82343 prime?
False
Is 1643297 a prime number?
False
Is 5246977 prime?
True
Is 4962911 composite?
False
Is 2583599 prime?
False
Is 30354587 a composite number?
True
Is 22707653 prime?
True
Is 330148033 prime?
True
Is 2572261 a prime number?
True
Is 302151757 a prime number?
False
Is 268998047 a composite number?
True
Is 92452339 a prime number?
False
Is 295562287 prime?
False
Is 33527411 a composite number?
False
Is 455698 prime?
False
Is 1120697 composite?
True
Is 312479 a composite number?
True
Is 63038249 prime?
True
Is 4989031 prime?
False
Is 184149781 a prime number?
True
Is 16312057 composite?
True
Is 48336493 a composite number?
True
Is 1002781589 composite?
False
Is 14742029 composite?
False
Is 61116637 composite?
True
Is 25375829 composite?
True
Is 3095621 a prime number?
True
Is 1676431 a prime number?
True
Is 816919853 a prime number?
False
Is 85045783 composite?
True
Is 836083 composite?
True
Is 18806759 prime?
True
Is 2539807 a prime number?
False
Is 140019751 a prime number?
True
Is 68133873 a composite number?
True
Is 84422249 composite?
False
Is 392454323 composite?
False
Is 6926947 composite?
False
Is 43187281 a composite number?
False
Is 24863221 a composite number?
True
Is 2785243 prime?
False
Is 269926777 a composite number?
False
Is 59575771 a composite number?
True
Is 49575949 prime?
True
Is 14897657 a composite number?
False
Is 11777959 a composite number?
False
Is 21276329 a composite number?
False
Is 42032017 a composite number?
True
Is 1171871 prime?
False
Is 400739 prime?
True
Is 98516911 prime?
True
Is 2547581 prime?
True
Is 91989973 a prime number?
False
Is 20322791 a prime number?
True
Is 6180379 composite?
False
Is 12384509 a composite number?
False
Is 204418853 a composite number?
True
Is 19355803 a prime number?
True
Is 71602411 a composite number?
False
Is 41779321 a composite number?
False
Is 4485245 prime?
False
Is 3547787 a prime number?
False
Is 9197207 a composite number?
False
Is 173547706 prime?
False
Is 218431849 prime?
True
Is 3072701 a composite number?
False
Is 1241117 prime?
False
Is 286499299 a composite number?
True
Is 14737435 prime?
False
Is 44362181 a prime number?
True
Is 1356659 a composite number?
False
Is 606216995 a prime number?
False
Is 28056937 a prime number?
False
Is 31751095 composite?
True
Is 199490341 composite?
False
Is 1346907 a composite number?
True
Is 6189011 prime?
False
Is 3405773 composite?
True
Is 29306855 a composite number?
True
Is 628447 prime?
True
Is 349357271 a prime number?
True
Is 8653763 a composite number?
False
Is 6551653 composite?
False
Is 321923039 a prime number?
True
Is 20471441 a composite number?
False
Is 226259513 a composite number?
True
Is 6830287 a composite number?
True
Is 90029939 prime?
True
Is 3883673 prime?
False
Is 18182633 composite?
True
Is 2639863 prime?
True
Is 48329137 a composite number?
False
Is 60115697 a composite number?
False
Is 869173 a composite number?
False
Is 16237835 composite?
True
Is 435479749 composite?
True
Is 499229741 a composite number?
True
Is 96554911 a composite number?
False
Is 1480483 prime?
True
Is 50593439 a composite number?
True
Is 10170343 composite?
False
Is 82374599 a prime number?
True
Is 112042769 a composite number?
True
Is 515484933 composite?
True
Is 403226399 prime?
True
Is 1047989 prime?
True
Is 2084293 a composite number?
True
Is 110121649 prime?
False
Is 1709837 composite?
False
Is 134485511 prime?
True
Is 5904149 composite?
False
Is 61052963 a composite number?
False
Is 127261 a composite number?
False
Is 5481433 prime?
False
Is 16600651 a composite number?
True
Is 8087557 prime?
True
Is 12824387 composite?
False
Is 46247717 a prime number?
True
Is 219992093 prime?
False
Is 97899 prime?
False
Is 108413629 composite?
True
Is 90247811 prime?
True
Is 305602663 a prime number?
True
Is 49262593 a prime number?
True
Is 82507769 a composite number?
True
Is 20081849 composite?
False
Is 2535671 a composite number?
False
Is 6764531 a prime number?
True
Is 26541899 a prime number?
True
Is 11205529 prime?
False
Is 8665303 a prime number?
True
Is 77309059 a prime number?
False
Is 509165 prime?
False
Is 3246819 a prime number?
False
Is 110573831 composite?
True
Is 475073 composite?
False
Is 12637 a prime number?
True
Is 41503577 a composite number?
True
Is 211829801 composite?
False
Is 7389771 prime?
False
Is 251749 composite?
True
Is 211238711 a composite number?
False
Is 9909139 a prime number?
True
Is 1424431 prime?
True
Is 61915757 a prime number?
True
Is 185590429 a composite number?
True
Is 6045503 a composite number?
True
Is 5200843 a composite number?
False
Is 6776839 a composite number?
True
Is 70127563 a prime number?
False
Is 5546753 composite?
False
Is 3676489 prime?
True
Is 14350163 a prime number?
True
Is 49936603 prime?
True
Is 244327 prime?
False
Is 314390723 composite?
False
Is 1217551 prime?
False
Is 5546267 composite?
True
Is 73830154 composite?
True
Is 234303 prime?
False
Is 110700071 composite?
False
Is 15486139 prime?
True
Is 1882217 prime?
False
Is 5334361 prime?
True
Is 3129293 composite?
True
Is 35455649 a prime number?
True
Is 4392643 a prime number?
False
Is 1948381 a prime number?
False
Is 3664357 composite?
True
Is 535741693 a composite number?
False
Is 1836859 a prime number?
False
Is 9920021 composite?
False
Is 111525467 composite?
False
Is 91760497 a composite number?
True
Is 15461629 composite?
True
Is 72928529 a composite number?
False
Is 268097 prime?
False
Is 294930653 a composite number?
False
Is 7514099 composite?
False
Is 138282439 a prime number?
False
Is 3143087 prime?
True
Is 26599777 composite?
True
Is 57257501 composite?
True
Is 7441471 composite?
False
Is 1059996341 a composite number?
True
Is 20065951 prime?
False
Is 619139 composite?
False
Is 115930411 composite?
True
Is 8051123 composite?
False
Is 726993373 prime?
False
Is 3011165 a prime number?
False
Is 3141703 a prime number?
False
Is 31922747 a composite number?
False
Is 4466143 composite?
True
Is 89045183 a prime number?
True
Is 2442421 a composite number?
True
Is 23703877 composite?
True
Is 55216783 composite?
T